 units digit of x(u)?
6
Let w(i) = 2*i + 1. Let q(a) = 2*a + 1. Let k(m) = -7*q(m) + 6*w(m). Let u be k(-2). Let j = 33 - u. What is the tens digit of j?
3
Let o(n) be the first derivative of n**3 - 9*n**2 + 65*n + 29. What is the units digit of o(5)?
0
Let j(b) = 21*b**2 + 62*b + 72. What is the units digit of j(-9)?
5
Suppose -3*h = 0, -4*c - 8*h + 5624 = -4*h. What is the units digit of c?
6
Suppose 0 = i - 1 - 3. Suppose 2*b + 107 = 2*p - 25, 3*p = i*b + 203. Suppose -p = -5*w - q - 9, -2*w + 28 = 4*q. What is the units digit of w?
0
Let y be (-5)/10 + (-578)/4. Let o = -222 - y. Let v = o - -109. What is the tens digit of v?
3
Suppose 6 = 5*b - 54. Let q = b - 12. Suppose 0 = 2*w - 6, q = 3*n + 4*w + w - 60. What is the units digit of n?
5
Let r = -76 - -1021. What is the units digit of r?
5
Let k = 493 - 185. Let n = -96 + k. What is the units digit of 12/(-4)*n/(-12)?
3
Suppose -8*i - 5*c + 99 = -4*i, 5*c = 2*i - 27. Suppose 4*q - r - 7 = -0*q, 0 = 2*q + 3*r - i. Suppose -7*f = -q*f - 68. What is the tens digit of f?
1
Let v = 5 + -19. Let g = v - -12. What is the units digit of (0/g)/(-1) + 12?
2
Suppose -5*r - 7 = -7. Suppose -4*k + 40 = -r. What is the tens digit of k?
1
Let n = -4 - 3. Let j(z) = -z - 11. Let s be j(n). Let l = 26 + s. What is the tens digit of l?
2
Let d(z) = 101*z**2 - 20*z + 170. What is the thousands digit of d(6)?
3
Let r be (-2 - -4)*1 - 0. Let u be r/(-9) + 33/27. Let p = 11 - u. What is the tens digit of p?
1
Let x be (2/(4/(-310)))/(-1). What is the units digit of -4 + x + -3 + (-3)/(-3)?
9
Let r(q) = -2*q**2 - 35*q - 21. Let a(c) = -4*c**2 - 71*c - 43. Let u(l) = 6*a(l) - 13*r(l). What is the tens digit of u(-16)?
6
Suppose 4*z + 0*z - 3782 = 2*r, 5*z + 3*r - 4700 = 0. What is the units digit of z?
3
Let g = -2 + 28. Suppose -q + g = 5*r - 32, -4*q = 2*r - 142. What is the units digit of q?
3
Suppose -1 = -4*r + 4*p - 9, 4*r = 5*p - 13. Suppose r*l + 5*d - d + 8 = 0, -3*d = 3*l + 6. Let z = l - -18. What is the units digit of z?
8
Suppose -2*m - 5*l - 20 = 0, -4*m + m = -l + 30. What is the tens digit of (m/3)/(1/(-9))?
3
Let s(l) = -l**3 + 7*l**2 - 8*l + 14. Let j be s(6). Suppose 3*o = -4*x + 28 + 2, -j*x + 36 = 5*o. What is the units digit of o?
6
Suppose 0 = -0*d - d + 37. Suppose 4*p = -4*p - 208. Let m = p + d. What is the units digit of m?
1
Suppose -19*y = -15*y + 204. Let b = -16 - y. What is the tens digit of b?
3
Suppose 2*x - 2684 = -3*w, -7*w + 2684 = 2*x - 9*w. What is the tens digit of x?
4
Suppose 157 - 577 = -4*l. Suppose -6*y - 250 = -y - 2*g, 94 = -2*y + 2*g. Let a = l + y. What is the tens digit of a?
5
Let a(o) = o**3 + 3*o**2 - 2*o + 8. Let l be a(-4). Suppose l = r + 1 - 70. What is the units digit of r?
9
Let d(m) = m + 3. Let t be d(5). Let j = -5 - t. Let r(a) = -a + 8. What is the units digit of r(j)?
1
Suppose -3*a + 19045 = -v, 4*v + 2388 = 4*a - 23000. What is the hundreds digit of (-9)/12 + a/28?
2
Let n = 35 + -50. Let u = n - -17. What is the units digit of (80/32)/(1/u)?
5
Let b be (-4)/(-6) + (-30)/(-9). Suppose -b*n + 79 = -541. Suppose 0*p - z + 124 = 4*p, 5*p - n = 4*z. What is the tens digit of p?
3
What is the tens digit of (-24)/180 + (-35511)/(-45)?
8
Suppose -q - 2*q = 0. Suppose q*b = 4*b + 4*v - 140, 5*b - 3*v - 191 = 0. What is the units digit of b?
7
What is the tens digit of 5 + -1 - -46 - -6?
5
Suppose 4*s + 21 = 7*s. Suppose s*r = 1558 + 269. What is the units digit of r?
1
Let b(j) be the third derivative of j**5/60 - j**4/6 - 7*j**3/6 - 5*j**2. Let l be b(6). Suppose -u = -3*u + 2, 3*g - 77 = -l*u. What is the units digit of g?
4
Let h(l) = l + 15. Let d be h(0). Suppose -4*o = -4*a + 5*a - 5, 5*a = -d. Suppose -o*y = -3*y + 21. What is the tens digit of y?
2
Let i be (-18 + 22)/((-2)/(-1)). Suppose -k - 4*o + 81 = -o, 3*k + i*o = 250. What is the units digit of k?
4
Let c be (4 + -8)*4/3*6. What is the units digit of 11/(1*(3 - c/(-11)))?
1
Let x(d) = d**3 - 6*d**2 + 19*d + 74. What is the units digit of x(14)?
8
Let c be (-5)/20 - (-274)/8. Suppose -12 + c = 2*h. Suppose -h*r = -9*r - 42. What is the units digit of r?
1
Let o(u) = 2*u**3 + 4*u**2 - 5*u**3 - 3*u**3 - 5*u + 5*u**3 + 4. Let d be o(3). What is the units digit of (-266)/(-18) + d/(-9)?
5
Let h = -129 + 253. Suppose -5*l + y + 150 - 18 = 0, -h = -5*l - 3*y. What is the tens digit of l?
2
Let v(s) = -50*s - 26. Let r be v(-4). Suppose -r = -14*o + 13*o. What is the tens digit of o?
7
Let l = 7 + -7. Suppose -t + 2*n - 71 = 0, -t - 4*n + 6 - 65 = l. Let d = 99 + t. What is the units digit of d?
2
Let n(g) = 4*g**2 - 3*g + 10. Let c be n(3). Let k = 17 + -39. Let x = k + c. What is the units digit of x?
5
Let x = 2534 - 1612. What is the hundreds digit of x?
9
Suppose -30*t = -37*t + 5516. What is the units digit of t?
8
Suppose 6*k - 7*k - 3*d + 1786 = 0, 5*k + d = 8888. What is the thousands digit of k?
1
Suppose -3*c + 246 = -y, -2*c + 0*y + 154 = -4*y. Let l = 40 + c. What is the tens digit of l?
2
Let z(f) = -63*f - 2. Let v be z(-2). Suppose -4*o + v = 4*x, 7*x + 5*o - 128 = 3*x. What is the tens digit of x?
2
Suppose 0*i + 5*i = -c + 800, 4*i = -5*c + 3979. What is the hundreds digit of c?
7
Suppose 4 + 1 = -3*v + 5*o, v + o = 9. Suppose -2*f - 3*n + 316 = -v*n, f - 2*n = 159. What is the units digit of f?
7
Suppose -1829 - 1825 = -14*b. What is the units digit of b?
1
Let r = 5 + -3. Suppose r*i + 5 = -1. What is the tens digit of 7 + i - (-1 - 32)?
3
Suppose 7*s - 2*s = 3*n - 15, -3*s = 2*n - 10. Suppose -n*y + 185 = 4*a, a + 2*a = 2*y - 97. What is the units digit of y?
1
Suppose -40 = 7*y - 2*y. What is the units digit of (-244)/y + 1/(-2)?
0
Suppose -3*m - 75 = -3*a, 2*a - 119 = 5*m - 0*a. Let v = m - -5. Let j = -6 - v. What is the tens digit of j?
1
Let m(r) = -113*r - 138. What is the tens digit of m(-5)?
2
Let u(x) be the first derivative of x + 0*x**2 + 1/2*x**4 - 1/3*x**3 + 4. What is the units digit of u(1)?
2
Suppose 8 = -2*u, -3*u = -4*c + 2*c + 12. Suppose d - 3*d + 8 = c. Suppose 0 = a - d*a + 120. What is the tens digit of a?
4
Let w = -4 + 3. Let z = 6 + w. Suppose z*f = 5*t + 97 + 48, -2*f + 61 = -3*t. What is the tens digit of f?
2
Let r = -48 - -78. Let o = r + -65. What is the tens digit of (-2)/((-2)/(-3)) - o?
3
Let d be 25/10*(-8)/(-5). Suppose d*n - 6 = 54. Suppose -19 = -f + n. What is the units digit of f?
4
Let u be 4 + 1 + 1 - 0. Suppose 2*i = 3*i + u. Let k(f) = 2*f**2 + 9*f + 4. What is the tens digit of k(i)?
2
Let v = 18 + -14. Let u be (-28)/(-12) + v/6. Suppose -35 = -d - 4*d + 5*w, d = -u*w + 7. What is the units digit of d?
7
Suppose -4*x + 274 = 2*j, 196 + 62 = 2*j - 4*x. What is the tens digit of j?
3
Let y = 331 - 185. Suppose -y = 45*a - 47*a. What is the units digit of a?
3
Let h = -73 - -64. What is the units digit of ((-2)/5)/(h/(1845/2))?
1
Suppose 6772 + 818 = 11*n. What is the tens digit of n?
9
Let u = 1425 + -960. What is the units digit of u?
5
Let q(i) = 51 - 57 + 8*i + 2*i**2 + 0*i**2. What is the units digit of q(-6)?
8
Let j(f) = 75*f**2 + 47*f + 1. What is the hundreds digit of j(3)?
8
Suppose -4*w + 2*w = -10. Suppose w*g = u + 290, 133 = -g + 3*g + 3*u. What is the tens digit of g?
5
Suppose c - 164 = 2*x, 792 = 5*c - 4*x + x. Suppose -13*a + c = -9*a. What is the tens digit of a?
3
Let n be 0*2/(1/((-3)/6)). Suppose -4*u + 3*u + 5*w = -76, n = -2*u + w + 161. What is the tens digit of u?
8
Let n(t) be the first derivative of -3/2*t**2 + 1/3*t**3 - 1 + t. What is the tens digit of n(6)?
1
Let t = 2621 + -1558. What is the tens digit of t?
6
Let c = -19 + 21. Suppose p - 182 = 4*q - 57, 5*q + 256 = c*p. What is the tens digit of p?
3
Let i be 45/(-6)*(-4)/3. Suppose -6 - i = -2*a. What is the units digit of a?
8
Suppose 10*l - 11634 = -1684. What is the units digit of l?
5
Suppose 0 = 3*c, -2*c = 4*p - 4*c. Suppose j - 4 = b - p*b, 0 = b - 3*j + 14. What is the tens digit of (b/(-2))/(18/(-684))?
1
Let t = 20 + -15. Suppose -329 = -t*l + 11. Suppose -2*w - l - 26 = -2*j, 5*w + 82 = 2*j. What is the units digit of j?
1
Let x be 0/(9/(-4 + 7)). Let b = 11 + x. What is the tens digit of b?
1
Let t = -11 - -11. Let w be 15 - 7 - t/(-1). Let p = 12 - w. What is the units digit of p?
4
Suppose -3*i - 3*r + 1731 = 0, 2*i = -i - 2*r + 